{"id":895,"date":"2022-04-06T11:42:47","date_gmt":"2022-04-06T11:42:47","guid":{"rendered":"https:\/\/fischerkursebern.ch\/?page_id=895"},"modified":"2025-12-04T17:46:30","modified_gmt":"2025-12-04T17:46:30","slug":"team-2","status":"publish","type":"page","link":"https:\/\/fischerkursebern.ch\/?page_id=895","title":{"rendered":"Team"},"content":{"rendered":"\t\t<div data-elementor-type=\"wp-post\" data-elementor-id=\"895\" class=\"elementor elementor-895\">\n\t\t\t\t\t\t<section class=\"elementor-section elementor-top-section elementor-element elementor-element-9ebf537 elementor-section-boxed elementor-section-height-default elementor-section-height-default\" data-id=\"9ebf537\" data-element_type=\"section\">\n\t\t\t\t\t\t<div class=\"elementor-container elementor-column-gap-default\">\n\t\t\t\t\t<div class=\"elementor-column elementor-col-50 elementor-top-column elementor-element elementor-element-36557c8\" data-id=\"36557c8\" data-element_type=\"column\">\n\t\t\t<div class=\"elementor-widget-wrap elementor-element-populated\">\n\t\t\t\t\t\t<div class=\"elementor-element elementor-element-4804118 elementor-widget elementor-widget-image\" data-id=\"4804118\" data-element_type=\"widget\" data-widget_type=\"image.default\">\n\t\t\t\t<div class=\"elementor-widget-container\">\n\t\t\t\t\t\t\t\t\t\t\t\t\t\t\t<img decoding=\"async\" src=\"https:\/\/fischerkursebern.ch\/wp-content\/uploads\/elementor\/thumbs\/1CE7CC21-2CC5-45FC-8BC9-D23436A980E8-edited-pj6snumwxnf0qj9363ys0wbh7i2smh745u679qooq4.jpeg\" title=\"1CE7CC21-2CC5-45FC-8BC9-D23436A980E8\" alt=\"Das Silber vom Thunersee\" loading=\"lazy\" \/>\t\t\t\t\t\t\t\t\t\t\t\t\t\t\t<\/div>\n\t\t\t\t<\/div>\n\t\t\t\t\t<\/div>\n\t\t<\/div>\n\t\t\t\t<div class=\"elementor-column elementor-col-50 elementor-top-column elementor-element elementor-element-707877b\" data-id=\"707877b\" data-element_type=\"column\">\n\t\t\t<div class=\"elementor-widget-wrap elementor-element-populated\">\n\t\t\t\t\t\t<div class=\"elementor-element elementor-element-2b32608 elementor-widget elementor-widget-text-editor\" data-id=\"2b32608\" data-element_type=\"widget\" data-widget_type=\"text-editor.default\">\n\t\t\t\t<div class=\"elementor-widget-container\">\n\t\t\t\t\t\t\t\t\t<p><span style=\"color: rgb(22, 37, 33); font-family: Muli; font-size: 32.96px; font-style: normal; font-variant-ligatures: normal; font-variant-caps: normal;\">Kilian Schenk<\/span><\/p>\n<p style=\"box-sizing: inherit; font-style: normal; font-variant-ligatures: normal; font-variant-caps: normal; font-weight: 400; font-size: 16px; font-family: Muli; text-indent: 0px; color: #000000;\"><em style=\"box-sizing: inherit;\">Mich begeistert am Fischen vor allem die grosse Vielfalt unserer Gew\u00e4sser und Fischarten im Kanton Bern. Als leidenschaftlicher Fischer, trifft man mich vor allem in meiner Heimat, dem Berner Oberland, an \u2013 egal ob mit der Fliegenrute oder beim Schleppen mit meinem Boot \u201eHechtli\u201c.<\/em><\/p>\n<p style=\"box-sizing: inherit; font-style: normal; font-variant-ligatures: normal; font-variant-caps: normal; font-weight: 400; font-size: 16px; font-family: Muli; text-indent: 0px; color: #000000;\"><em style=\"box-sizing: inherit;\">Schon in meinen j\u00fcngsten Jahren war das Fischen mein Hobby. Da ich mich nun schon langer Zeit mit der Fischerei besch\u00e4ftige, kenne ich sehr viele g\u00e4ngige K\u00f6dertechniken und gebe mein Wissen gerne weiter&nbsp;<img decoding=\"async\" style=\"box-sizing: inherit; height: 1em !important;\" role=\"img\" draggable=\"false\" src=\"https:\/\/s.w.org\/images\/core\/emoji\/13.1.0\/svg\/1f642.svg\" alt=\"\ud83d\ude42\"><\/em><\/p>\t\t\t\t\t\t\t\t<\/div>\n\t\t\t\t<\/div>\n\t\t\t\t\t<\/div>\n\t\t<\/div>\n\t\t\t\t\t<\/div>\n\t\t<\/section>\n\t\t\t\t<section class=\"elementor-section elementor-top-section elementor-element elementor-element-118bf1e elementor-section-boxed elementor-section-height-default elementor-section-height-default\" data-id=\"118bf1e\" data-element_type=\"section\">\n\t\t\t\t\t\t<div class=\"elementor-container elementor-column-gap-default\">\n\t\t\t\t\t<div class=\"elementor-column elementor-col-50 elementor-top-column elementor-element elementor-element-e9cb295\" data-id=\"e9cb295\" data-element_type=\"column\">\n\t\t\t<div class=\"elementor-widget-wrap elementor-element-populated\">\n\t\t\t\t\t\t<div class=\"elementor-element elementor-element-b8a627e elementor-widget elementor-widget-image\" data-id=\"b8a627e\" data-element_type=\"widget\" data-widget_type=\"image.default\">\n\t\t\t\t<div class=\"elementor-widget-container\">\n\t\t\t\t\t\t\t\t\t\t\t\t\t\t\t<img decoding=\"async\" src=\"https:\/\/fischerkursebern.ch\/wp-content\/uploads\/elementor\/thumbs\/808B5329-10A2-48E4-8796-3D583347C064-768x768-1-pmyqr3zbogjqu24ehs6ot11um82qxlbqf0an9ax7ak.jpeg\" title=\"808B5329-10A2-48E4-8796-3D583347C064-768&#215;768\" alt=\"808B5329-10A2-48E4-8796-3D583347C064-768x768\" loading=\"lazy\" \/>\t\t\t\t\t\t\t\t\t\t\t\t\t\t\t<\/div>\n\t\t\t\t<\/div>\n\t\t\t\t\t<\/div>\n\t\t<\/div>\n\t\t\t\t<div class=\"elementor-column elementor-col-50 elementor-top-column elementor-element elementor-element-9bcd36c\" data-id=\"9bcd36c\" data-element_type=\"column\">\n\t\t\t<div class=\"elementor-widget-wrap elementor-element-populated\">\n\t\t\t\t\t\t<div class=\"elementor-element elementor-element-dab25fb elementor-widget elementor-widget-text-editor\" data-id=\"dab25fb\" data-element_type=\"widget\" data-widget_type=\"text-editor.default\">\n\t\t\t\t<div class=\"elementor-widget-container\">\n\t\t\t\t\t\t\t\t\t<p><span style=\"color: #162521; font-family: Muli;\"><span style=\"font-size: 32.96px;\">Pascal Feuz<\/span><\/span><\/p><p style=\"box-sizing: inherit; font-style: normal; font-variant-ligatures: normal; font-variant-caps: normal; font-weight: 400; font-size: 16px; font-family: Muli; text-indent: 0px; color: #000000;\"><em style=\"box-sizing: inherit;\">Als ich in der 2. Klasse war, ging ich das erste Mal mit meinem Vater am Hinterstockensee auf dem Stockhorn auf Regenbogenforellen angeln. Ein Erlebnis, welches ich so schnell nicht vergessen werde. So wurde das Fischen zu meiner Passion. Mich begeistert das Angeln in jeglicher Art und Weise, vom Schleppangeln bis zum Fliegenfischen im ganzen Kanton Bern.<\/em><\/p>\t\t\t\t\t\t\t\t<\/div>\n\t\t\t\t<\/div>\n\t\t\t\t\t<\/div>\n\t\t<\/div>\n\t\t\t\t\t<\/div>\n\t\t<\/section>\n\t\t\t\t<section class=\"elementor-section elementor-top-section elementor-element elementor-element-4898adc elementor-section-boxed elementor-section-height-default elementor-section-height-default\" data-id=\"4898adc\" data-element_type=\"section\">\n\t\t\t\t\t\t<div class=\"elementor-container elementor-column-gap-default\">\n\t\t\t\t\t<div class=\"elementor-column elementor-col-50 elementor-top-column elementor-element elementor-element-1bf0e71\" data-id=\"1bf0e71\" data-element_type=\"column\">\n\t\t\t<div class=\"elementor-widget-wrap elementor-element-populated\">\n\t\t\t\t\t\t<div class=\"elementor-element elementor-element-c4b7d56 elementor-widget elementor-widget-image\" data-id=\"c4b7d56\" data-element_type=\"widget\" data-widget_type=\"image.default\">\n\t\t\t\t<div class=\"elementor-widget-container\">\n\t\t\t\t\t\t\t\t\t\t\t\t\t\t\t<img decoding=\"async\" src=\"https:\/\/fischerkursebern.ch\/wp-content\/uploads\/elementor\/thumbs\/new-one-edited-qfjhauph44pz4176g84es44s3xddjbke2ukrev4vu4.jpeg\" title=\"new-one\" alt=\"new-one\" loading=\"lazy\" \/>\t\t\t\t\t\t\t\t\t\t\t\t\t\t\t<\/div>\n\t\t\t\t<\/div>\n\t\t\t\t\t<\/div>\n\t\t<\/div>\n\t\t\t\t<div class=\"elementor-column elementor-col-50 elementor-top-column elementor-element elementor-element-08dd98b\" data-id=\"08dd98b\" data-element_type=\"column\">\n\t\t\t<div class=\"elementor-widget-wrap elementor-element-populated\">\n\t\t\t\t\t\t<div class=\"elementor-element elementor-element-2071258 elementor-widget elementor-widget-text-editor\" data-id=\"2071258\" data-element_type=\"widget\" data-widget_type=\"text-editor.default\">\n\t\t\t\t<div class=\"elementor-widget-container\">\n\t\t\t\t\t\t\t\t\t<p style=\"box-sizing: inherit; font-style: normal; font-variant-ligatures: normal; font-variant-caps: normal; font-family: Muli; text-indent: 0px;\"><span style=\"color: #162521;\"><span style=\"font-size: 32.96px;\">Stefan Bieri<\/span><\/span><\/p><p style=\"box-sizing: inherit; font-style: normal; font-variant-ligatures: normal; font-variant-caps: normal; font-weight: 400; font-size: 16px; font-family: Muli; text-indent: 0px; color: #000000;\"><em style=\"box-sizing: inherit;\">Im Jahr 2016 ging ich das erste mal mit Pascal am Thunersee fischen. Seitdem ist das Fischen f\u00fcr mich nicht mehr wegzudenken! Ob am Bach, Fluss oder auf dem See bin ich immer mit viel Ehrgeiz und Leidenschaft am Werk.<br style=\"box-sizing: inherit;\" \/>Ganz nach dem Motto: \u201eS\u00e4uber gfangnig\u00e4 Fisch schm\u00f6ckt am Best\u00e4 !\u201c<\/em><\/p>\t\t\t\t\t\t\t\t<\/div>\n\t\t\t\t<\/div>\n\t\t\t\t\t<\/div>\n\t\t<\/div>\n\t\t\t\t\t<\/div>\n\t\t<\/section>\n\t\t\t\t<section class=\"elementor-section elementor-top-section elementor-element elementor-element-6fd111d elementor-section-boxed elementor-section-height-default elementor-section-height-default\" data-id=\"6fd111d\" data-element_type=\"section\">\n\t\t\t\t\t\t<div class=\"elementor-container elementor-column-gap-default\">\n\t\t\t\t\t<div class=\"elementor-column elementor-col-50 elementor-top-column elementor-element elementor-element-16f1dbf\" data-id=\"16f1dbf\" data-element_type=\"column\">\n\t\t\t<div class=\"elementor-widget-wrap elementor-element-populated\">\n\t\t\t\t\t\t<div class=\"elementor-element elementor-element-cb7dbe5 elementor-widget elementor-widget-image\" data-id=\"cb7dbe5\" data-element_type=\"widget\" data-widget_type=\"image.default\">\n\t\t\t\t<div class=\"elementor-widget-container\">\n\t\t\t\t\t\t\t\t\t\t\t\t\t\t\t<img decoding=\"async\" src=\"https:\/\/fischerkursebern.ch\/wp-content\/uploads\/elementor\/thumbs\/bernhard-1-pmyr0737kl3c6egfdphbfblqz3cwygbzi8q7cwj80q.png\" title=\"bernhard\" alt=\"bernhard\" loading=\"lazy\" \/>\t\t\t\t\t\t\t\t\t\t\t\t\t\t\t<\/div>\n\t\t\t\t<\/div>\n\t\t\t\t\t<\/div>\n\t\t<\/div>\n\t\t\t\t<div class=\"elementor-column elementor-col-50 elementor-top-column elementor-element elementor-element-194498c\" data-id=\"194498c\" data-element_type=\"column\">\n\t\t\t<div class=\"elementor-widget-wrap elementor-element-populated\">\n\t\t\t\t\t\t<div class=\"elementor-element elementor-element-ffc5619 elementor-widget elementor-widget-text-editor\" data-id=\"ffc5619\" data-element_type=\"widget\" data-widget_type=\"text-editor.default\">\n\t\t\t\t<div class=\"elementor-widget-container\">\n\t\t\t\t\t\t\t\t\t<p>\u00a0<\/p><p style=\"box-sizing: inherit; font-style: normal; font-variant-ligatures: normal; font-variant-caps: normal; font-family: Muli; text-indent: 0px;\"><span style=\"color: #162521;\"><span style=\"font-size: 32.96px;\">Adrian Sch\u00fcpbach<\/span><\/span><\/p><p style=\"box-sizing: inherit; font-style: normal; font-variant-ligatures: normal; font-variant-caps: normal; font-weight: 400; font-size: 16px; font-family: Muli; text-indent: 0px; color: #000000;\"><em style=\"box-sizing: inherit;\">Mich fasziniert die Fischerei schon seitdem ich 8 Jahre alt bin. Das Fischen ist f\u00fcr mich ein toller Ausgleich zum stressigen Alltag. Ich befische den ganzen Kanton Bern und so ziemlich jede Fischart. Am liebsten stelle ich den Seeforellen am Thunersee, sowie den Saiblingen an unseren Bergseen nach.<\/em><\/p>\t\t\t\t\t\t\t\t<\/div>\n\t\t\t\t<\/div>\n\t\t\t\t\t<\/div>\n\t\t<\/div>\n\t\t\t\t\t<\/div>\n\t\t<\/section>\n\t\t\t\t<section class=\"elementor-section elementor-top-section elementor-element elementor-element-70eaffe elementor-section-boxed elementor-section-height-default elementor-section-height-default\" data-id=\"70eaffe\" data-element_type=\"section\">\n\t\t\t\t\t\t<div class=\"elementor-container elementor-column-gap-default\">\n\t\t\t\t\t<div class=\"elementor-column elementor-col-50 elementor-top-column elementor-element elementor-element-a7559fd\" data-id=\"a7559fd\" data-element_type=\"column\">\n\t\t\t<div class=\"elementor-widget-wrap elementor-element-populated\">\n\t\t\t\t\t\t<div class=\"elementor-element elementor-element-c7a5849 elementor-widget elementor-widget-image\" data-id=\"c7a5849\" data-element_type=\"widget\" data-widget_type=\"image.default\">\n\t\t\t\t<div class=\"elementor-widget-container\">\n\t\t\t\t\t\t\t\t\t\t\t\t\t\t\t<img decoding=\"async\" src=\"https:\/\/fischerkursebern.ch\/wp-content\/uploads\/elementor\/thumbs\/6FDD8C3F-EBFE-495C-B7A0-452AE07E1FA1-edited-pj6spzpqbuibwodasak92tdswc618gjwpwb0t3ft6m.jpeg\" title=\"6FDD8C3F-EBFE-495C-B7A0-452AE07E1FA1\" alt=\"Stephan mit einer tollen Seeforelle vom Thunersee\" loading=\"lazy\" \/>\t\t\t\t\t\t\t\t\t\t\t\t\t\t\t<\/div>\n\t\t\t\t<\/div>\n\t\t\t\t\t<\/div>\n\t\t<\/div>\n\t\t\t\t<div class=\"elementor-column elementor-col-50 elementor-top-column elementor-element elementor-element-77650f4\" data-id=\"77650f4\" data-element_type=\"column\">\n\t\t\t<div class=\"elementor-widget-wrap elementor-element-populated\">\n\t\t\t\t\t\t<div class=\"elementor-element elementor-element-b3d263f elementor-widget elementor-widget-text-editor\" data-id=\"b3d263f\" data-element_type=\"widget\" data-widget_type=\"text-editor.default\">\n\t\t\t\t<div class=\"elementor-widget-container\">\n\t\t\t\t\t\t\t\t\t<p><\/p>\n<h2 style=\"box-sizing: inherit; font-style: normal; font-variant-ligatures: normal; font-variant-caps: normal;\"><span style=\"font-weight: normal;\">Stephan Kuhnen<\/span><\/h2>\n<p style=\"box-sizing: inherit; font-style: normal; font-variant-ligatures: normal; font-variant-caps: normal; font-weight: 400; font-size: 16px; font-family: Muli; text-indent: 0px; color: #000000;\"><em style=\"box-sizing: inherit;\">Meine ersten Fischereierfahrungen machte ich mit 12 Jahren an der sch\u00f6nen Simme. Mittlerweile fische ich auch gerne ausserhalb des Kantons Bern.<br style=\"box-sizing: inherit;\">Mich trifft man haupts\u00e4chlich beim Schlepp- und Felchenfischen<\/em>&nbsp;<em style=\"box-sizing: inherit;\">auf dem Thunersee<\/em>.<\/p>\t\t\t\t\t\t\t\t<\/div>\n\t\t\t\t<\/div>\n\t\t\t\t\t<\/div>\n\t\t<\/div>\n\t\t\t\t\t<\/div>\n\t\t<\/section>\n\t\t\t\t<section class=\"elementor-section elementor-top-section elementor-element elementor-element-cd1e0cf elementor-section-boxed elementor-section-height-default elementor-section-height-default\" data-id=\"cd1e0cf\" data-element_type=\"section\">\n\t\t\t\t\t\t<div class=\"elementor-container elementor-column-gap-default\">\n\t\t\t\t\t<div class=\"elementor-column elementor-col-50 elementor-top-column elementor-element elementor-element-edf7f12\" data-id=\"edf7f12\" data-element_type=\"column\">\n\t\t\t<div class=\"elementor-widget-wrap elementor-element-populated\">\n\t\t\t\t\t\t<div class=\"elementor-element elementor-element-c95bef8 elementor-widget elementor-widget-image\" data-id=\"c95bef8\" data-element_type=\"widget\" data-widget_type=\"image.default\">\n\t\t\t\t<div class=\"elementor-widget-container\">\n\t\t\t\t\t\t\t\t\t\t\t\t\t\t\t<img decoding=\"async\" src=\"https:\/\/fischerkursebern.ch\/wp-content\/uploads\/elementor\/thumbs\/michu-edited-pj6snenpj8yxza4gvoc6pyv636wp2fahd3pyap9saw.png\" title=\"michu\" alt=\"Unser Kursleiter Mischu mit einer wundersch\u00f6nen Bachforelle aus der Aare\" loading=\"lazy\" \/>\t\t\t\t\t\t\t\t\t\t\t\t\t\t\t<\/div>\n\t\t\t\t<\/div>\n\t\t\t\t\t<\/div>\n\t\t<\/div>\n\t\t\t\t<div class=\"elementor-column elementor-col-50 elementor-top-column elementor-element elementor-element-01cfdc4\" data-id=\"01cfdc4\" data-element_type=\"column\">\n\t\t\t<div class=\"elementor-widget-wrap elementor-element-populated\">\n\t\t\t\t\t\t<div class=\"elementor-element elementor-element-0cfc9f5 elementor-widget elementor-widget-text-editor\" data-id=\"0cfc9f5\" data-element_type=\"widget\" data-widget_type=\"text-editor.default\">\n\t\t\t\t<div class=\"elementor-widget-container\">\n\t\t\t\t\t\t\t\t\t<p><\/p>\n<h2 style=\"box-sizing: inherit; font-style: normal; font-variant-ligatures: normal; font-variant-caps: normal;\"><span style=\"font-weight: normal;\">Michel Utz<\/span><\/h2>\n<p style=\"box-sizing: inherit; font-style: normal; font-variant-ligatures: normal; font-variant-caps: normal; font-weight: 400; font-size: 16px; font-family: Muli; text-indent: 0px; color: #000000;\"><em style=\"box-sizing: inherit;\">Beim Fischen vergesse ich alle Probleme und Sorgen und kann mich voll mit der Natur um mich herum auseinandersetzen. Es gibt keine andere T\u00e4tigkeit, die mich dermassen entspannt. Man findet mich meist an der Aare oder an den B\u00e4chen im Kanton auf der Forellenpirsch. Zus\u00e4tzlich befische ich \u00c4schen, Hechte, Egli, Welse und diverse Weissfische.<\/em><\/p>\t\t\t\t\t\t\t\t<\/div>\n\t\t\t\t<\/div>\n\t\t\t\t\t<\/div>\n\t\t<\/div>\n\t\t\t\t\t<\/div>\n\t\t<\/section>\n\t\t\t\t<\/div>\n\t\t","protected":false},"excerpt":{"rendered":"<p>Kilian Schenk Mich begeistert am Fischen vor allem die grosse Vielfalt unserer Gew\u00e4sser und Fischarten im Kanton Bern. Als leidenschaftlicher Fischer, trifft man mich vor allem in meiner Heimat, dem Berner Oberland, an \u2013 egal ob mit der Fliegenrute oder beim Schleppen mit meinem Boot \u201eHechtli\u201c. Schon in meinen j\u00fcngsten Jahren war das Fischen mein Hobby. Da ich mich nun schon langer Zeit mit der Fischerei besch\u00e4ftige, kenne ich sehr viele g\u00e4ngige K\u00f6dertechniken und gebe mein Wissen gerne weiter&nbsp; Pascal Feuz Als ich in der 2. Klasse war, ging ich das erste Mal mit meinem Vater am Hinterstockensee auf dem &hellip;<\/p>\n","protected":false},"author":1,"featured_media":0,"parent":0,"menu_order":8,"comment_status":"closed","ping_status":"closed","template":"","meta":{"footnotes":""},"class_list":["post-895","page","type-page","status-publish","hentry"],"_links":{"self":[{"href":"https:\/\/fischerkursebern.ch\/index.php?rest_route=\/wp\/v2\/pages\/895","targetHints":{"allow":["GET"]}}],"collection":[{"href":"https:\/\/fischerkursebern.ch\/index.php?rest_route=\/wp\/v2\/pages"}],"about":[{"href":"https:\/\/fischerkursebern.ch\/index.php?rest_route=\/wp\/v2\/types\/page"}],"author":[{"embeddable":true,"href":"https:\/\/fischerkursebern.ch\/index.php?rest_route=\/wp\/v2\/users\/1"}],"replies":[{"embeddable":true,"href":"https:\/\/fischerkursebern.ch\/index.php?rest_route=%2Fwp%2Fv2%2Fcomments&post=895"}],"version-history":[{"count":24,"href":"https:\/\/fischerkursebern.ch\/index.php?rest_route=\/wp\/v2\/pages\/895\/revisions"}],"predecessor-version":[{"id":1968,"href":"https:\/\/fischerkursebern.ch\/index.php?rest_route=\/wp\/v2\/pages\/895\/revisions\/1968"}],"wp:attachment":[{"href":"https:\/\/fischerkursebern.ch\/index.php?rest_route=%2Fwp%2Fv2%2Fmedia&parent=895"}],"curies":[{"name":"wp","href":"https:\/\/api.w.org\/{rel}","templated":true}]}}