{"id":457,"date":"2022-01-04T16:25:23","date_gmt":"2022-01-04T16:25:23","guid":{"rendered":"https:\/\/fischerkursebern.ch\/?page_id=457"},"modified":"2025-12-08T15:43:39","modified_gmt":"2025-12-08T15:43:39","slug":"kajakfischen-auf-hecht-und-egli-19-06-2022","status":"publish","type":"page","link":"https:\/\/fischerkursebern.ch\/?page_id=457","title":{"rendered":"Kajakfischen auf Hecht und Egli auf dem Thunersee, Sa. 13.06.2026"},"content":{"rendered":"\t\t<div data-elementor-type=\"wp-page\" data-elementor-id=\"457\" class=\"elementor elementor-457\">\n\t\t\t\t\t\t<section class=\"elementor-section elementor-top-section elementor-element elementor-element-2ded25f8 elementor-section-boxed elementor-section-height-default elementor-section-height-default\" data-id=\"2ded25f8\" data-element_type=\"section\">\n\t\t\t\t\t\t<div class=\"elementor-container elementor-column-gap-default\">\n\t\t\t\t\t<div class=\"elementor-column elementor-col-100 elementor-top-column elementor-element elementor-element-abf8177\" data-id=\"abf8177\" data-element_type=\"column\">\n\t\t\t<div class=\"elementor-widget-wrap elementor-element-populated\">\n\t\t\t\t\t\t<div class=\"elementor-element elementor-element-273cad9 elementor-widget elementor-widget-text-editor\" data-id=\"273cad9\" data-element_type=\"widget\" data-widget_type=\"text-editor.default\">\n\t\t\t\t<div class=\"elementor-widget-container\">\n\t\t\t\t\t\t\t\t\t<h2>Kajakfischen auf Hecht und Egli auf dem Thunersee, Sa. 13.06.2026<\/h2>\n<p><!-- \/wp:spacer --><!-- wp:paragraph --><\/p>\n<p>Wir treffen uns am <b>Samstag<\/b>, 13.06.2026 p\u00fcnktlich um 7.30 Uhr beim Kajakpoint im Gwatt. Am Ufer des Thunersees stehen f\u00fcr euch top ausger\u00fcstete Fischerkajaks zur Verf\u00fcgung. Nach einer spannenden Einf\u00fchrung ins Hecht- und Eglifischen vom Kajak aus, erkl\u00e4rt euch Roli alle Funktionen der Kajaks welche alle mit einem Fusspedal-Antrieb funktionieren (Ausnahme: zwei Tandemkajak). L\u00e4stiges Paddeln geh\u00f6rt der Vergangenheit an. Ihr habt auf dem Kajak gen\u00fcgend Platz und die Stabilit\u00e4t ist jeder Zeit gew\u00e4hrleistet. Bei diesem Kurs sind alle Kajaks perfekt f\u00fcrs Fischen ausgelegt, die K\u00f6dertaschen sowie weitere Materialien k\u00f6nnen bequem verstaut werden. Die Helfer werden an diesem Tag mit den eigenen Motorbooten in der N\u00e4he sein, um euch bei allen Angelegenheiten zu unterst\u00fctzen. Einen solchen kombinierten Kurs Kajak+ Fischen gab es schweizweit bisher nicht!<\/p>\n<p><!-- \/wp:paragraph --><!-- wp:paragraph --><\/p>\n<p>Weitere Bilder findest du direkt auf Rolis Webseite: <a href=\"https:\/\/kayak-point.ch\/\">KAYAK-POINT.CH &#8211; der Fischer- und Kajaktreffpunkt in Gwatt<\/a><\/p>\n<p><!-- \/wp:paragraph --><!-- wp:paragraph --><\/p>\n<p><b>Die Pl\u00e4tze sind f\u00fcr diesen Kurs auf 10 Teilnehmer\/innen beschr\u00e4nkt!<\/b><\/p>\n<p><!-- \/wp:paragraph --><!-- wp:table {\"hasFixedLayout\":true,\"className\":\"is-style-stripes\"} --><\/p>\n<figure>\n<table>\n<tbody>\n<tr>\n<td><strong>Datum<\/strong><\/td>\n<td>Samstag, 13. Juni 2026 oder<br>Sonntag, 14. Juni 2026<\/td>\n<td>&nbsp;<\/td>\n<\/tr>\n<tr>\n<td><strong>Zeit<\/strong><\/td>\n<td>7.30 Uhr \u2013 ca. 13.00 Uhr<\/td>\n<td>&nbsp;<\/td>\n<\/tr>\n<tr>\n<td><strong>Treffpunkt<\/strong><\/td>\n<td>Kajakpoint, Deltaweg 27, 3645 Gwatt. Es sind gen\u00fcgend Parkpl\u00e4tze vorhanden.<\/td>\n<td>&nbsp;<\/td>\n<\/tr>\n<tr>\n<td><strong>Mitnehmen<\/strong><span style=\"font-size: 12.0pt; line-height: 105%; font-family: 'Arial',sans-serif; mso-fareast-font-family: Calibri; mso-fareast-theme-font: minor-latin; mso-ansi-language: DE-CH; mso-fareast-language: EN-US; mso-bidi-language: AR-SA;\">&nbsp;<\/span><\/td>\n<td><span style=\"font-family: Arial, sans-serif; font-size: 16px; font-style: normal; font-variant-ligatures: normal; font-variant-caps: normal; font-weight: 400;\">Wetterentsprechende Kleidung, gutes Schuhwerk, Sonnenschutz, K\u00fchlbox, Verpflegung&nbsp;<\/span><span style=\"font-family: Arial, sans-serif; font-size: 16px; font-style: normal; font-variant-ligatures: normal; font-variant-caps: normal; font-weight: 400;\">und bereits vorhandenes Fischermaterial, sowie eine g\u00fcltige ID und&nbsp;<\/span><span style=\"font-family: Arial, sans-serif; font-size: 16px; font-style: normal; font-variant-ligatures: normal; font-variant-caps: normal; font-weight: 400;\">Fischereipatent.<\/span><\/td>\n<td>&nbsp;<\/td>\n<\/tr>\n<tr>\n<td><strong>Kursgeb\u00fchr<\/strong><\/td>\n<td>Fr. 130.00 (Erwachsene): Fr. 100.00 Jugendliche bis 16 Jahre<\/td>\n<td>&nbsp;<\/td>\n<\/tr>\n<tr>\n<td><strong>Tagespatent<\/strong><\/td>\n<td><span style=\"font-size: 12.0pt; line-height: 105%; font-family: 'Arial',sans-serif; mso-fareast-font-family: Calibri; mso-fareast-theme-font: minor-latin; mso-ansi-language: DE-CH; mso-fareast-language: EN-US; mso-bidi-language: AR-SA;\">Unter folgendem Link, k\u00f6nnen die Tagespatene bequem von zu Hause aus auf dem Computer gekauft und ausgedruckt werden. <span style=\"color: #4472c4; mso-themecolor: accent1;\">https:\/\/www.efj.vol.be.ch\/Webshop&nbsp;&nbsp;<\/span>Bitte wartet mit dem Patentkauf bis ca. 3 Tage vor dem Kurs. Die Wetterbedingungen k\u00f6nnen immer wieder \u00e4ndern! Die Patente m\u00fcssen selber organisiert werden!<\/span><\/td>\n<td>&nbsp;<\/td>\n<\/tr>\n<tr>\n<td>\n<p><strong>Empfohlene Fischerausr\u00fcstung<\/strong><\/p>\n<\/td>\n<td>\n<p><span style=\"font-size: 12pt; line-height: 105%; font-family: Arial, sans-serif;\"><b>Rute:<\/b> <\/span><span style=\"font-size: 12.0pt; line-height: 105%; font-family: 'Arial',sans-serif;\">Ich empfehle f\u00fcr das Fischen auf Hecht eine Rute von 2.40-3.00m und einem Wurfgewicht von ca. 20-50g. Beim Eglifischen darf die Rute definitiv k\u00fcrzer und leichter ausfallen. 1.90-2.20m sowie ein Wurfgewicht um die 5-20g sind optimal.<b><\/b><\/span><\/p>\n<p><span style=\"font-size: 12pt; line-height: 105%; font-family: Arial, sans-serif;\"><b>Rolle:<\/b> <\/span><span style=\"font-size: 12.0pt; line-height: 105%; font-family: 'Arial',sans-serif;\">Eine passende Rolle f\u00fcrs Hechtfischen hat eine Gr\u00f6sse von 3000-4000er. Wichtig beim Hechtfischen ist eine gute\/starke geflochtene Schnur sowie ein Stahlvorfach\/Hardmono. Die Rolle beim Eglifischen wird kleiner gehalten (1000-2000er). Diese passt perfekt zur leichten und kurzen Rute.<\/span><\/p>\n<p><span style=\"text-indent: 0em;\"><span style=\"font-size: 12pt; line-height: 105%; font-family: Arial, sans-serif;\"><b>Zubeh\u00f6r:<\/b><\/span><\/span><span style=\"font-size: 12pt; text-indent: 0em; line-height: 105%; font-family: Arial, sans-serif;\"> passende K\u00f6der (Wobbler, Spinner, Gummis), Netz, Polbrille, Kleinmaterial, Fischerwerkzeug (Zange, Messer, Schere, Fischt\u00f6ter, Massband<\/span>)<\/p>\n<\/td>\n<td>&nbsp;<\/td>\n<\/tr>\n<tr>\n<td>\n<p><strong>Weitere wichtige Infos<\/strong><\/p>\n<\/td>\n<td>\n<p>Versicherung ist Sache der Teilnehmer.<br><strong>Die K\u00f6der zum jeweiligen Thema sowie die Kajaks und Schwimmwesten werden von mir organisiert.<\/strong>&nbsp;<\/p>\n<p><span style=\"font-size: 12.0pt; line-height: 105%; font-family: 'Arial',sans-serif;\">Die K\u00f6der zum jeweiligen Thema von Stucki Thun sowie<br>Fischen.ch im Wert von ca. <b>Fr.60.00<\/b> werden von mir organisiert. Die Kajakmiete<br>im Wert von <b>Fr.90.00<\/b> ist in diesem Kursangebot inklusive. Die passende<br>Ausr\u00fcstung (Rute &amp; Rolle), kann auch zu einem Aufpreis von Fr.15.00<br>gemietet werden.&nbsp;<\/span><\/p>\n<p><strong>Wichtig:&nbsp;<\/strong>Da wir uns auf dem Wasser befinden, geht die Sicherheit vor. Das Wetter spielt eine grosse Rolle. Bei zu hohem Seegang oder Dauerregen w\u00fcrde sich der Kurs verschieben. Wir beobachten das Wetter vor den Kursen jeweils sehr genau und geben ein paar Tage vorher Bescheid, ob der Kurs stattfindet oder verschoben wird.<br>Abmeldungen von Kunden 24 Stunden vor Kursbeginn werden aus organisatorischen Gr\u00fcnden verrechnet.<\/p>\n<p>Wir freuen uns sehr auf einen spannenden\/lehrreichen Tag am Gew\u00e4sser und bei Fragen k\u00f6nnt Ihr mich unter 079 824 05 25 oder&nbsp;<a href=\"mailto:kilian.schenk@vtxfree.ch\">kilian.schenk@vtxfree.ch<\/a>&nbsp;erreichen.<br>Ich bem\u00fche mich um eine m\u00f6glichst schnelle R\u00fcckmeldung!<\/p>\n<p style=\"margin-bottom: 0cm; line-height: normal;\"><i><span style=\"font-size: 8.0pt; font-family: 'Calibri',sans-serif; mso-ascii-theme-font: minor-latin; mso-hansi-theme-font: minor-latin; mso-bidi-font-family: 'Times New Roman'; mso-bidi-font-weight: bold;\">*AGB\u2019s:<br>Da wir den Raum sowie die Helfer f\u00fcr diesen Tag organisieren, ist der volle<br>Betrag ein Monat im Voraus f\u00e4llig.<\/span><\/i><i><span style=\"font-size: 8.0pt; font-family: 'Calibri',sans-serif; mso-ascii-theme-font: minor-latin; mso-hansi-theme-font: minor-latin; mso-bidi-theme-font: minor-latin; mso-bidi-font-weight: bold;\"><br><\/span><\/i><i><span style=\"font-size: 8.0pt; font-family: 'Calibri',sans-serif; mso-ascii-theme-font: minor-latin; mso-hansi-theme-font: minor-latin; mso-bidi-font-family: 'Times New Roman'; mso-bidi-font-weight: bold;\">Bei Abmeldungen gelten folgende <\/span><\/i><b><i><span style=\"font-size: 8.0pt; font-family: 'Calibri',sans-serif; mso-ascii-theme-font: minor-latin; mso-hansi-theme-font: minor-latin; mso-bidi-font-family: 'Times New Roman';\">R\u00fcckerstattungsbedienungen:<\/span><\/i><\/b><i><\/i><\/p>\n<p style=\"text-indent: -18.0pt; line-height: normal; mso-list: l0 level1 lfo1; margin: 0cm 0cm 0cm 21.3pt;\"><!-- [if !supportLists]--><span style=\"font-size: 8.0pt; font-family: Symbol; mso-fareast-font-family: Symbol; mso-bidi-font-family: Symbol; mso-bidi-font-weight: bold; mso-bidi-font-style: italic;\">\u00b7<span style=\"font: 7.0pt 'Times New Roman';\">&nbsp;&nbsp;&nbsp;&nbsp;&nbsp;&nbsp;&nbsp;<\/span><\/span><i><span style=\"font-size: 8.0pt; font-family: 'Calibri',sans-serif; mso-ascii-theme-font: minor-latin; mso-hansi-theme-font: minor-latin; mso-bidi-font-family: 'Times New Roman'; mso-bidi-font-weight: bold;\">Abmeldungen bis zwei Wochen vor Kursbeginn: 75% der Zahlung werden zur\u00fcckerstattet<\/span><\/i><\/p>\n<p style=\"text-indent: -18.0pt; line-height: normal; mso-list: l0 level1 lfo1; margin: 0cm 0cm 0cm 21.3pt;\"><!-- [if !supportLists]--><span style=\"font-size: 8.0pt; font-family: Symbol; mso-fareast-font-family: Symbol; mso-bidi-font-family: Symbol; mso-bidi-font-weight: bold; mso-bidi-font-style: italic;\">\u00b7<span style=\"font: 7.0pt 'Times New Roman';\">&nbsp; &nbsp; &nbsp; &nbsp;<\/span><\/span><i><span style=\"font-size: 8.0pt; font-family: 'Calibri',sans-serif; mso-ascii-theme-font: minor-latin; mso-hansi-theme-font: minor-latin; mso-bidi-font-family: 'Times New Roman'; mso-bidi-font-weight: bold;\">Abmeldungen bis eine Woche vor Kursbeginn: 50% der Zahlung werden zur\u00fcckerstattet<\/span><\/i><\/p>\n<p style=\"text-indent: -18.0pt; line-height: normal; mso-list: l0 level1 lfo1; margin: 0cm 0cm 0cm 21.3pt;\"><span style=\"text-indent: -18pt; font-size: 8pt; font-family: Symbol;\">\u00b7<span style=\"font: 7.0pt 'Times New Roman';\">&nbsp;&nbsp;&nbsp;&nbsp;&nbsp;&nbsp;&nbsp;<\/span><\/span><i style=\"text-indent: -18pt;\"><span style=\"font-size: 8.0pt; font-family: 'Calibri',sans-serif; mso-ascii-theme-font: minor-latin; mso-hansi-theme-font: minor-latin; mso-bidi-font-family: 'Times New Roman'; mso-bidi-font-weight: bold;\">Bei Abmeldungen weniger als eine Woche vor Kursbeginn erfolgt keine R\u00fcckerstattung<\/span><\/i><\/p>\n<p><\/p>\n<\/td>\n<td>&nbsp;<\/td>\n<\/tr>\n<\/tbody>\n<\/table>\n<\/figure>\n<p><!-- \/wp:table --><!-- wp:webfactory\/map {\"address\":\"Kajakpoint, Deltaweg 27, 3645 Gwatt.\"} --><\/p>\n<div>\n<div>&nbsp;<\/div>\n<\/div>\n<p><!-- \/wp:webfactory\/map --><\/p>\t\t\t\t\t\t\t\t<\/div>\n\t\t\t\t<\/div>\n\t\t\t\t\t<\/div>\n\t\t<\/div>\n\t\t\t\t\t<\/div>\n\t\t<\/section>\n\t\t\t\t<\/div>\n\t\t","protected":false},"excerpt":{"rendered":"<p>Kajakfischen auf Hecht und Egli auf dem Thunersee, Sa. 13.06.2026 Wir treffen uns am Samstag, 13.06.2026 p\u00fcnktlich um 7.30 Uhr beim Kajakpoint im Gwatt. Am Ufer des Thunersees stehen f\u00fcr euch top ausger\u00fcstete Fischerkajaks zur Verf\u00fcgung. Nach einer spannenden Einf\u00fchrung ins Hecht- und Eglifischen vom Kajak aus, erkl\u00e4rt euch Roli alle Funktionen der Kajaks welche alle mit einem Fusspedal-Antrieb funktionieren (Ausnahme: zwei Tandemkajak). L\u00e4stiges Paddeln geh\u00f6rt der Vergangenheit an. Ihr habt auf dem Kajak gen\u00fcgend Platz und die Stabilit\u00e4t ist jeder Zeit gew\u00e4hrleistet. Bei diesem Kurs sind alle Kajaks perfekt f\u00fcrs Fischen ausgelegt, die K\u00f6dertaschen sowie weitere Materialien k\u00f6nnen bequem &hellip;<\/p>\n","protected":false},"author":1,"featured_media":1823,"parent":172,"menu_order":6,"comment_status":"closed","ping_status":"closed","template":"","meta":{"footnotes":""},"class_list":["post-457","page","type-page","status-publish","has-post-thumbnail","hentry"],"_links":{"self":[{"href":"https:\/\/fischerkursebern.ch\/index.php?rest_route=\/wp\/v2\/pages\/457","targetHints":{"allow":["GET"]}}],"collection":[{"href":"https:\/\/fischerkursebern.ch\/index.php?rest_route=\/wp\/v2\/pages"}],"about":[{"href":"https:\/\/fischerkursebern.ch\/index.php?rest_route=\/wp\/v2\/types\/page"}],"author":[{"embeddable":true,"href":"https:\/\/fischerkursebern.ch\/index.php?rest_route=\/wp\/v2\/users\/1"}],"replies":[{"embeddable":true,"href":"https:\/\/fischerkursebern.ch\/index.php?rest_route=%2Fwp%2Fv2%2Fcomments&post=457"}],"version-history":[{"count":69,"href":"https:\/\/fischerkursebern.ch\/index.php?rest_route=\/wp\/v2\/pages\/457\/revisions"}],"predecessor-version":[{"id":2059,"href":"https:\/\/fischerkursebern.ch\/index.php?rest_route=\/wp\/v2\/pages\/457\/revisions\/2059"}],"up":[{"embeddable":true,"href":"https:\/\/fischerkursebern.ch\/index.php?rest_route=\/wp\/v2\/pages\/172"}],"wp:featuredmedia":[{"embeddable":true,"href":"https:\/\/fischerkursebern.ch\/index.php?rest_route=\/wp\/v2\/media\/1823"}],"wp:attachment":[{"href":"https:\/\/fischerkursebern.ch\/index.php?rest_route=%2Fwp%2Fv2%2Fmedia&parent=457"}],"curies":[{"name":"wp","href":"https:\/\/api.w.org\/{rel}","templated":true}]}}