{"id":453,"date":"2022-01-04T16:24:11","date_gmt":"2022-01-04T16:24:11","guid":{"rendered":"https:\/\/fischerkursebern.ch\/?page_id=453"},"modified":"2024-11-23T10:58:36","modified_gmt":"2024-11-23T10:58:36","slug":"felchenfischen-mit-dem-boot-15-05-2022","status":"publish","type":"page","link":"https:\/\/fischerkursebern.ch\/?page_id=453","title":{"rendered":"Felchenfischen mit dem Boot auf dem Thunersee, 15.06.2025"},"content":{"rendered":"\n<h2 class=\"wp-block-heading\">Felchenfischen mit dem Boot auf dem Thunersee, Sonntag 15.06.2024<\/h2>\n\n\n\n<div style=\"height:100px\" aria-hidden=\"true\" class=\"wp-block-spacer\"><\/div>\n\n\n\n<p><strong>Geniesse einen tollen Tag mit dem Boot auf dem Thunersee. Dazu noch sch\u00f6ne Felchen fangen, was will man mehr? \ud83d\ude42<\/strong><\/p>\n\n\n\n<p>Wir treffen uns am Sonntag, 15.06.2024 p\u00fcnktlich um 7.00 Uhr bei Kantonalen Hafen in Faulensee. Nach einer spannenden Einf\u00fchrung in Theorie und Praxis rund um das Thema Felchenfischen, verteilen wir uns in 2-4er Gruppen auf verschiedene Boote. Nachdem wir die Felchen mit dem Echolot gesucht und gefunden haben, fischen wir mit feinen Felchenruten sowie Gamben\/Hegenen auf die wundersch\u00f6nen Fische aus dem Thunersee. Bei diesem Kurs sind Beif\u00e4nge wie z.B Egli, Weissfische, Seeforellen, Seesaiblinge sowie Hecht immer wieder m\u00f6glich. Geniesse auch du einen spannenden Tag auf dem sch\u00f6nen Thunersee. Was gibt es sch\u00f6neres als mit feinem Ger\u00e4t unseren Felchen nach zustellen? \ud83d\ude42<\/p>\n\n\n\n<p><strong>Die Pl\u00e4tze sind limitiert auf 12-15 Kursteilnehmer\/innen. <\/strong><\/p>\n\n\n\n<figure class=\"wp-block-table is-style-stripes\"><table class=\"has-fixed-layout\"><tbody><tr><td><strong>Datum<\/strong><\/td><td>Sonntag, 15. Juni 2024<\/td><td><\/td><\/tr><tr><td><strong>Zeit<\/strong><\/td><td>7.00 Uhr \u2013 ca. 13.00 Uhr<\/td><td><\/td><\/tr><tr><td><strong>Treffpunkt<\/strong><\/td><td>Kantonaler Hafen Faulensee, 3705 Spiez. Es sind gen\u00fcgend Parkpl\u00e4tze vorhanden.<\/td><td><\/td><\/tr><tr><td><strong>Mitnehmen<\/strong><\/td><td>Da ich schon einige Kurse durchgef\u00fchrt habe und schon viel gesehen habe, liegt mir die wetterentsprechende <br>Kleidung sehr am Herzen. Gutes Schuhwerk, Verpflegung und bereits vorhandenes Fischermaterial (Felchenrute, Gamben), Fischereipatent sowie eine g\u00fcltige ID und Sonnenschutz.<\/td><td><\/td><\/tr><tr><td><strong>Kursgeb\u00fchr<\/strong><\/td><td>Fr. 130.00 (Erwachsene): Fr. 100.00 Jugendliche bis 16 Jahre<\/td><td><\/td><\/tr><tr><td><strong>Tagespatent<\/strong><br><\/td><td>Auf der Webseite <a href=\"https:\/\/www.efj-shop.apps.be.ch\/\">https:\/\/www.efj-shop.apps.be.ch\/<\/a> k\u00f6nnen <br>die Patente bequem von zu Hause aus ausgef\u00fcllt und gedruckt werden.<br>Bitte wartet jeweils mit dem Kaufen der Patente, da Kurse auch abgesagt werden k\u00f6nnen.<br><strong>Preise Tagepatente:<\/strong><br>Erwachsene: Fr. 32.00<br>Jugendliche bis 16 Jahre: Fr. 20.00<\/td><td><\/td><\/tr><tr><td><strong>Empfohlene Fischerausr\u00fcstung<\/strong><br><br><\/td><td><br>Zum Fischen auf Felchen eignet sich eine Felchenrute mit einer feinen Station\u00e4rrolle (500-1000er Gr\u00f6sse) oder einer Laufrolle. Die Felchenrute ben\u00f6tigt einen sehr feinen Spitz, damit der Biss direkt gesp\u00fcrt wird. Die perfekte Gr\u00f6sse muss jeder selber herausfinden, jedoch wird in den meisten F\u00e4llen eine 1.80-2.40m lange Felchenrute bevorzugt. Passende Felchenruten\/Rollen k\u00f6nnen an diesem Tag f\u00fcr Fr.15.00 gemietet werden. Bitte teile dies bei der Anmeldung schnellst m\u00f6glichst mit.<br><br>Das Material wie Gamben\/Hegenen, Bleie sowie Kescher und Kleinmaterial wird von uns w\u00e4hrend des Kurses zur Verf\u00fcgung gestellt. <strong>Die K\u00f6derboxen mit den verschiedenen Gamben von B-Fishing sowie Stucki Thun im Wert von ca. Fr.60.00 sind im Preis inbegriffen und d\u00fcrfen nach Hause genommen werden.<\/strong> <br><\/td><td><\/td><\/tr><tr><td><strong>Weitere wichtige Infos<\/strong><br><br><\/td><td>Versicherung ist Sache der Teilnehmer.<br><strong>Die K\u00f6der zum jeweiligen Thema werden von mir organisiert.<\/strong><br>Ich bitte Euch, die Kursgeb\u00fchren und die allf\u00e4lligen Mietkosten nach Anmeldung einzuzahlen.<br>Kilian Schenk, Br\u00fcggstrasse 15, 3634 Thierachern<br>CH21 0870 4044 6752 6411 9<br>Twint ist m\u00f6glich!<br><strong>Wichtig: <\/strong>Da wir uns auf dem Wasser befinden, geht die Sicherheit vor. Das Wetter spielt eine grosse Rolle. Bei zu hohem Seegang oder Dauerregen w\u00fcrde sich der Kurs verschieben. Wir beobachten das Wetter vor den Kursen jeweils sehr genau und geben ein paar Tage vorher Bescheid, ob der Kurs stattfindet oder verschoben wird.<br>Abmeldungen von Kunden 24 Stunden vor Kursbeginn werden aus organisatorischen Gr\u00fcnden verrechnet.<br>Wir freuen uns sehr auf einen spannenden\/lehrreichen Tag am Gew\u00e4sser und bei Fragen k\u00f6nnt Ihr mich unter <a href=\"mailto:kilian.schenk@vtxfree.ch\">kilian.schenk@vtxfree.ch<\/a> erreichen.<br>Ich bem\u00fche mich um eine m\u00f6glichst schnelle R\u00fcckmeldung!<br><br><strong>AGB\u2019s:<\/strong><br><strong>Leider k\u00f6nnen wir keine Fischgarantie geben! Gemeinsam sind wir aber n\u00e4her am Fisch \ud83d\ude42<br>Da wir die K\u00f6derboxen sowie Helfer f\u00fcr diesen Tag organisieren ist der volle Betrag ein Monat im Voraus f\u00e4llig.<br>Bei Nichterscheinen am Kurstag kann keine R\u00fcckzahlung gew\u00e4hrleistet werden <br>Abmeldungen 2 Wochen vor Kursbeginn: 75% der Zahlung wird zur\u00fcck gezahlt<br>Abmeldungen 1 Woche vor Kursbeginn: 50% der Zahlung wird zur\u00fcck bezahlt<br>Wir bedanken uns f\u00fcr euer Verst\u00e4ndnis und freuen uns sehr auf diesen spannenden Kurstag<\/strong><\/td><td><\/td><\/tr><\/tbody><\/table><\/figure>\n\n\n\n<figure class=\"wp-block-gallery has-nested-images columns-default is-cropped wp-block-gallery-1 is-layout-flex wp-block-gallery-is-layout-flex\">\n<figure class=\"wp-block-image size-large\"><img fetchpriority=\"high\" decoding=\"async\" width=\"3000\" height=\"4000\" data-id=\"1608\" src=\"https:\/\/fischerkursebern.ch\/wp-content\/uploads\/2023\/12\/IMG_0136-min1-3000x4000.jpg\" alt=\"\" class=\"wp-image-1608\" srcset=\"https:\/\/fischerkursebern.ch\/wp-content\/uploads\/2023\/12\/IMG_0136-min1-3000x4000.jpg 3000w, https:\/\/fischerkursebern.ch\/wp-content\/uploads\/2023\/12\/IMG_0136-min1-768x1024.jpg 768w, https:\/\/fischerkursebern.ch\/wp-content\/uploads\/2023\/12\/IMG_0136-min1-1152x1536.jpg 1152w, https:\/\/fischerkursebern.ch\/wp-content\/uploads\/2023\/12\/IMG_0136-min1-1536x2048.jpg 1536w, https:\/\/fischerkursebern.ch\/wp-content\/uploads\/2023\/12\/IMG_0136-min1-scaled.jpg 1920w, https:\/\/fischerkursebern.ch\/wp-content\/uploads\/2023\/12\/IMG_0136-min1-800x1067.jpg 800w, https:\/\/fischerkursebern.ch\/wp-content\/uploads\/2023\/12\/IMG_0136-min1-512x683.jpg 512w\" sizes=\"(max-width: 3000px) 100vw, 3000px\" \/><figcaption class=\"wp-element-caption\"><strong>Die beste Felchenlaufrolle \u00fcberhaupt aus dem Hause von Stucki Thun<\/strong><\/figcaption><\/figure>\n\n\n\n<figure class=\"wp-block-image size-large\"><img decoding=\"async\" width=\"1200\" height=\"1600\" data-id=\"1571\" src=\"https:\/\/fischerkursebern.ch\/wp-content\/uploads\/2023\/12\/B57DE2A3-A7CC-43CD-884A-D33988753D28_1-min1.jpeg\" alt=\"\" class=\"wp-image-1571\" srcset=\"https:\/\/fischerkursebern.ch\/wp-content\/uploads\/2023\/12\/B57DE2A3-A7CC-43CD-884A-D33988753D28_1-min1.jpeg 1200w, https:\/\/fischerkursebern.ch\/wp-content\/uploads\/2023\/12\/B57DE2A3-A7CC-43CD-884A-D33988753D28_1-min1-768x1024.jpeg 768w, https:\/\/fischerkursebern.ch\/wp-content\/uploads\/2023\/12\/B57DE2A3-A7CC-43CD-884A-D33988753D28_1-min1-1152x1536.jpeg 1152w, https:\/\/fischerkursebern.ch\/wp-content\/uploads\/2023\/12\/B57DE2A3-A7CC-43CD-884A-D33988753D28_1-min1-800x1067.jpeg 800w, https:\/\/fischerkursebern.ch\/wp-content\/uploads\/2023\/12\/B57DE2A3-A7CC-43CD-884A-D33988753D28_1-min1-512x683.jpeg 512w\" sizes=\"(max-width: 1200px) 100vw, 1200px\" \/><figcaption class=\"wp-element-caption\"><strong>Die Boot sind zum auslaufen bereit! Wann begleitest du uns?<\/strong><\/figcaption><\/figure>\n\n\n\n<figure class=\"wp-block-image size-large\"><img decoding=\"async\" width=\"3000\" height=\"4000\" data-id=\"1566\" src=\"https:\/\/fischerkursebern.ch\/wp-content\/uploads\/2023\/12\/08E696B7-C3F8-4D19-87EA-17DDB07C003D-min1-3000x4000.jpeg\" alt=\"\" class=\"wp-image-1566\" srcset=\"https:\/\/fischerkursebern.ch\/wp-content\/uploads\/2023\/12\/08E696B7-C3F8-4D19-87EA-17DDB07C003D-min1-3000x4000.jpeg 3000w, https:\/\/fischerkursebern.ch\/wp-content\/uploads\/2023\/12\/08E696B7-C3F8-4D19-87EA-17DDB07C003D-min1-768x1024.jpeg 768w, https:\/\/fischerkursebern.ch\/wp-content\/uploads\/2023\/12\/08E696B7-C3F8-4D19-87EA-17DDB07C003D-min1-1152x1536.jpeg 1152w, https:\/\/fischerkursebern.ch\/wp-content\/uploads\/2023\/12\/08E696B7-C3F8-4D19-87EA-17DDB07C003D-min1-1536x2048.jpeg 1536w, https:\/\/fischerkursebern.ch\/wp-content\/uploads\/2023\/12\/08E696B7-C3F8-4D19-87EA-17DDB07C003D-min1-scaled.jpeg 1920w, https:\/\/fischerkursebern.ch\/wp-content\/uploads\/2023\/12\/08E696B7-C3F8-4D19-87EA-17DDB07C003D-min1-800x1067.jpeg 800w, https:\/\/fischerkursebern.ch\/wp-content\/uploads\/2023\/12\/08E696B7-C3F8-4D19-87EA-17DDB07C003D-min1-512x683.jpeg 512w\" sizes=\"(max-width: 3000px) 100vw, 3000px\" \/><figcaption class=\"wp-element-caption\"><strong>Zur richtigen Zeit am richtigen Ort, dann l\u00e4ufts \ud83d\ude42<\/strong><\/figcaption><\/figure>\n<\/figure>\n","protected":false},"excerpt":{"rendered":"<p>Felchenfischen mit dem Boot auf dem Thunersee, Sonntag 15.06.2024 Geniesse einen tollen Tag mit dem Boot auf dem Thunersee. Dazu noch sch\u00f6ne Felchen fangen, was will man mehr? \ud83d\ude42 Wir treffen uns am Sonntag, 15.06.2024 p\u00fcnktlich um 7.00 Uhr bei Kantonalen Hafen in Faulensee. Nach einer spannenden Einf\u00fchrung in Theorie und Praxis rund um das Thema Felchenfischen, verteilen wir uns in 2-4er Gruppen auf verschiedene Boote. Nachdem wir die Felchen mit dem Echolot gesucht und gefunden haben, fischen wir mit feinen Felchenruten sowie Gamben\/Hegenen auf die wundersch\u00f6nen Fische aus dem Thunersee. Bei diesem Kurs sind Beif\u00e4nge wie z.B Egli, Weissfische, &hellip;<\/p>\n","protected":false},"author":1,"featured_media":550,"parent":172,"menu_order":3,"comment_status":"closed","ping_status":"closed","template":"","meta":{"footnotes":""},"class_list":["post-453","page","type-page","status-publish","has-post-thumbnail","hentry"],"_links":{"self":[{"href":"https:\/\/fischerkursebern.ch\/index.php?rest_route=\/wp\/v2\/pages\/453","targetHints":{"allow":["GET"]}}],"collection":[{"href":"https:\/\/fischerkursebern.ch\/index.php?rest_route=\/wp\/v2\/pages"}],"about":[{"href":"https:\/\/fischerkursebern.ch\/index.php?rest_route=\/wp\/v2\/types\/page"}],"author":[{"embeddable":true,"href":"https:\/\/fischerkursebern.ch\/index.php?rest_route=\/wp\/v2\/users\/1"}],"replies":[{"embeddable":true,"href":"https:\/\/fischerkursebern.ch\/index.php?rest_route=%2Fwp%2Fv2%2Fcomments&post=453"}],"version-history":[{"count":24,"href":"https:\/\/fischerkursebern.ch\/index.php?rest_route=\/wp\/v2\/pages\/453\/revisions"}],"predecessor-version":[{"id":1758,"href":"https:\/\/fischerkursebern.ch\/index.php?rest_route=\/wp\/v2\/pages\/453\/revisions\/1758"}],"up":[{"embeddable":true,"href":"https:\/\/fischerkursebern.ch\/index.php?rest_route=\/wp\/v2\/pages\/172"}],"wp:featuredmedia":[{"embeddable":true,"href":"https:\/\/fischerkursebern.ch\/index.php?rest_route=\/wp\/v2\/media\/550"}],"wp:attachment":[{"href":"https:\/\/fischerkursebern.ch\/index.php?rest_route=%2Fwp%2Fv2%2Fmedia&parent=453"}],"curies":[{"name":"wp","href":"https:\/\/api.w.org\/{rel}","templated":true}]}}